
2, 5, 13
List the prime factors of 79938.
2, 3, 4441
What are the prime factors of 2969?
2969
What are the prime factors of 2577?
3, 859
List the prime factors of 16915.
5, 17, 199
List the prime factors of 2328.
2, 3, 97
List the prime factors of 1429.
1429
List the prime factors of 1384.
2, 173
List the prime factors of 8243.
8243
What are the prime factors of 1050?
2, 3, 5, 7
What are the prime factors of 462?
2, 3, 7, 11
List the prime factors of 715.
5, 11, 13
What are the prime factors of 188?
2, 47
What are the prime factors of 6389?
6389
What are the prime factors of 8273?
8273
What are the prime factors of 3136?
2, 7
What are the prime factors of 5380?
2, 5, 269
What are the prime factors of 3714?
2, 3, 619
What are the prime factors of 59266?
2, 29633
List the prime factors of 7288.
2, 911
List the prime factors of 14614.
2, 7307
What are the prime factors of 1617?
3, 7, 11
List the prime factors of 66417.
3, 13, 131
List the prime factors of 8508.
2, 3, 709
What are the prime factors of 48069?
3, 7, 109
What are the prime factors of 721?
7, 103
List the prime factors of 26147.
11, 2377
List the prime factors of 16046.
2, 71, 113
List the prime factors of 25868.
2, 29, 223
List the prime factors of 4811.
17, 283
List the prime factors of 25542.
2, 3, 11, 43
List the prime factors of 6374.
2, 3187
List the prime factors of 100.
2, 5
What are the prime factors of 871?
13, 67
List the prime factors of 484.
2, 11
What are the prime factors of 18177?
3, 73, 83
What are the prime factors of 278?
2, 139
List the prime factors of 22969.
103, 223
List the prime factors of 1295.
5, 7, 37
List the prime factors of 85710.
2, 3, 5, 2857
What are the prime factors of 7059?
3, 13, 181
List the prime factors of 16913.
13, 1301
List the prime factors of 136447.
136447
List the prime factors of 3789.
3, 421
What are the prime factors of 46932?
2, 3, 3911
What are the prime factors of 42130?
2, 5, 11, 383
What are the prime factors of 1493?
1493
What are the prime factors of 19?
19
What are the prime factors of 1110?
2, 3, 5, 37
What are the prime factors of 875?
5, 7
List the prime factors of 2071.
19, 109
What are the prime factors of 20627?
20627
List the prime factors of 885.
3, 5, 59
What are the prime factors of 515?
5, 103
List the prime factors of 86.
2, 43
List the prime factors of 6026.
2, 23, 131
List the prime factors of 21599.
21599
What are the prime factors of 2323?
23, 101
What are the prime factors of 980?
2, 5, 7
What are the prime factors of 2709?
3, 7, 43
What are the prime factors of 5590?
2, 5, 13, 43
What are the prime factors of 20386?
2, 10193
List the prime factors of 57207.
3, 19069
List the prime factors of 7708.
2, 41, 47
What are the prime factors of 67566?
2, 3, 11261
List the prime factors of 43407.
3, 7, 13, 53
List the prime factors of 5688.
2, 3, 79
What are the prime factors of 11980?
2, 5, 599
What are the prime factors of 1230?
2, 3, 5, 41
What are the prime factors of 537?
3, 179
What are the prime factors of 13077?
3, 1453
What are the prime factors of 11744?
2, 367
What are the prime factors of 14863?
89, 167
What are the prime factors of 850?
2, 5, 17
List the prime factors of 929.
929
List the prime factors of 1068.
2, 3, 89
What are the prime factors of 31602?
2, 3, 23, 229
List the prime factors of 1278.
2, 3, 71
List the prime factors of 2690.
2, 5, 269
What are the prime factors of 9655?
5, 1931
List the prime factors of 4750.
2, 5, 19
What are the prime factors of 85796?
2, 89, 241
List the prime factors of 12826.
2, 11, 53
What are the prime factors of 97002?
2, 3, 17, 317
List the prime factors of 5129.
23, 223
List the prime factors of 67035.
3, 5, 41, 109
What are the prime factors of 840?
2, 3, 5, 7
List the prime factors of 15323.
7, 11, 199
What are the prime factors of 1845?
3, 5, 41
What are the prime factors of 19276?
2, 61, 79
List the prime factors of 20854.
2, 10427
What are the prime factors of 497?
7, 71
What are the prime factors of 91699?
107, 857
List the prime factors of 2204.
2, 19, 29
List the prime factors of 415.
5, 83
What are the prime factors of 26154?
2, 3, 1453
What are the prime factors of 51746?
2, 25873
List the prime factors of 123.
3, 41
List the prime factors of 23398.
2, 11699
List the prime factors of 104549.
104549
What are the prime factors of 406?
2, 7, 29
List the prime factors of 5538.
2, 3, 13, 71
List the prime factors of 6029.
6029
What are the prime factors of 8393?
7, 11, 109
What are the prime factors of 2725?
5, 109
List the prime factors of 6602.
2, 3301
What are the prime factors of 5191?
29, 179
What are the prime factors of 770?
2, 5, 7, 11
What are the prime factors of 22881?
3, 29, 263
What are the prime factors of 4091?
4091
What are the prime factors of 15637?
19, 823
What are the prime factors of 101041?
79, 1279
List the prime factors of 20136.
2, 3, 839
What are the prime factors of 24822?
2, 3, 7, 197
List the prime factors of 1533.
3, 7, 73
List the prime factors of 2424.
2, 3, 101
What are the prime factors of 400?
2, 5
What are the prime factors of 5868?
2, 3, 163
List the prime factors of 5035.
5, 19, 53
List the prime factors of 22938.
2, 3, 3823
List the prime factors of 15696.
2, 3, 109
List the prime factors of 21709.
17, 1277
List the prime factors of 2739.
3, 11, 83
List the prime factors of 1512.
2, 3, 7
List the prime factors of 7768.
2, 971
List the prime factors of 1203.
3, 401
List the prime factors of 242.
2, 11
List the prime factors of 16271.
53, 307
List the prime factors of 4187.
53, 79
List the prime factors of 70673.
29, 2437
What are the prime factors of 17722?
2, 8861
List the prime factors of 1728.
2, 3
What are the prime factors of 50724?
2, 3, 1409
What are the prime factors of 2314?
2, 13, 89
List the prime factors of 477.
3, 53
List the prime factors of 631.
631
What are the prime factors of 1381?
1381
List the prime factors of 458.
2, 229
List the prime factors of 23076.
2, 3, 641
What are the prime factors of 19330?
2, 5, 1933
List the prime factors of 1504.
2, 47
What are the prime factors of 19271?
7, 2753
What are the prime factors of 982?
2, 491
List the prime factors of 1817.
23, 79
List the prime factors of 147171.
3, 49057
What are the prime factors of 3832?
2, 479
List the prime factors of 110250.
2, 3, 5, 7
What are the prime factors of 40511?
17, 2383
List the prime factors of 8421.
3, 7, 401
List the prime factors of 4405.
5, 881
What are the prime factors of 3858?
2, 3, 643
List the prime factors of 149441.
149441
What are the prime factors of 216?
2, 3
What are the prime factors of 393?
3, 131
List the prime factors of 16815.
3, 5, 19, 59
List the prime factors of 1577.
19, 83
What are the prime factors of 2622?
2, 3, 19, 23
What are the prime factors of 279?
3, 31
List the prime factors of 28711.
28711
What are the prime factors of 1353?
3, 11, 41
List the prime factors of 2656.
2, 83
List the prime factors of 4886.
2, 7, 349
What are the prime factors of 22974?
2, 3, 7, 547
What are the prime factors of 315?
3, 5, 7
What are the prime factors of 64574?
2, 83, 389
List the prime factors of 35909.
149, 241
List the prime factors of 22910.
2, 5, 29, 79
List the prime factors of 15827.
7, 17, 19
What are the prime factors of 2448?
2, 3, 17
List the prime factors of 1387.
19, 73
What are the prime factors of 16174?
2, 8087
List the prime factors of 23644.
2, 23, 257
What are the prime factors of 21157?
21157
What are the prime factors of 6997?
6997
List the prime factors of 744.
2, 3, 31
List the prime factors of 2944.
2, 23
What are the prime factors of 4405?
5, 881
What are the prime factors of 64?
2
List the prime factors of 1482.
2, 3, 13, 19
What are the prime factors of 14335?
5, 47, 61
What are the prime factors of 24592?
2, 29, 53
What are the prime factors of 7611?
3, 43, 59
List the prime factors of 1602.
2, 3, 89
What are the prime factors of 966?
2, 3, 7, 23
List the prime factors of 29204.
2, 7, 149
What are the prime factors of 33434?
2, 73, 229
List the prime factors of 3277.
29, 113
What are the prime factors of 7048?
2, 881
What are the prime factors of 154?
2, 7, 11
What are the prime factors of 59898?
2, 3, 67, 149
List the prime factors of 82559.
82559
What are the prime factors o